{"id":5,"date":"2009-08-24T18:02:34","date_gmt":"2009-08-24T18:02:34","guid":{"rendered":"http:\/\/neu.musikverein-wustweiler.de\/?page_id=2"},"modified":"2026-04-15T21:42:05","modified_gmt":"2026-04-15T21:42:05","slug":"eine-seite","status":"publish","type":"page","link":"http:\/\/www.musikverein-wustweiler.de\/?page_id=5","title":{"rendered":"Vorstand &#038; Vereins-Chronik"},"content":{"rendered":"<p><span style=\"color: #000000;\"><span style=\"caret-color: #000000;\">Das Vorstandsteam\u00a0<\/span><\/span><a href=\"http:\/\/www.musikverein-wustweiler.de\/?attachment_id=2318\" rel=\"attachment wp-att-2318\"><br \/><\/a><a href=\"https:\/\/www.musikverein-wustweiler.de\/?attachment_id=2781\" rel=\"attachment wp-att-2781\"><img loading=\"lazy\" class=\"alignright wp-image-2781 size-large\" src=\"http:\/\/www.musikverein-wustweiler.de\/wp-content\/uploads\/2026\/04\/IMG_2161-1024x768.jpeg\" alt=\"\" width=\"584\" height=\"438\" srcset=\"http:\/\/www.musikverein-wustweiler.de\/wp-content\/uploads\/2026\/04\/IMG_2161-1024x768.jpeg 1024w, http:\/\/www.musikverein-wustweiler.de\/wp-content\/uploads\/2026\/04\/IMG_2161-300x225.jpeg 300w, http:\/\/www.musikverein-wustweiler.de\/wp-content\/uploads\/2026\/04\/IMG_2161-768x576.jpeg 768w, http:\/\/www.musikverein-wustweiler.de\/wp-content\/uploads\/2026\/04\/IMG_2161-1536x1152.jpeg 1536w, http:\/\/www.musikverein-wustweiler.de\/wp-content\/uploads\/2026\/04\/IMG_2161-2048x1536.jpeg 2048w, http:\/\/www.musikverein-wustweiler.de\/wp-content\/uploads\/2026\/04\/IMG_2161-400x300.jpeg 400w\" sizes=\"(max-width: 584px) 100vw, 584px\" \/><\/a><\/p>\n<p><strong style=\"color: #000000;\">gesch\u00e4ftsf\u00fchrendes Vorstandsteam:<\/strong><\/p>\n<p><span style=\"color: #000000;\">Andr\u00e9 Sieger <\/span><\/p>\n<p><span style=\"color: #000000;\">Bruno Klein\u00a0<\/span><\/p>\n<p>Christian Bodem\u00a0<\/p>\n<p><span style=\"color: #000000;\">Kevin D\u00f6rr \u00a0 (Ansprechpartner f\u00fcr Externe)<\/span><\/p>\n<div><span style=\"color: #000000;\"><strong>Kinder &amp; Jugend: <\/strong>Matthias Meiser und Fabienne D\u00f6rr\u00a0<\/span><\/div>\n<div>\u00a0<\/div>\n<div><span style=\"color: #000000;\"><strong>Beisitzer &amp; Hilfsorgane: <\/strong>Christian Eckert, Julia Senzig, Patrick Kuhn<\/span><\/div>\n<div>\u00a0<\/div>\n<p><span style=\"color: #000000;\"><strong>Kassenpr\u00fcfer:\u00a0<\/strong>Eugen Eckert &amp; Rainer Hahn <a href=\"http:\/\/www.musikverein-wustweiler.de\/?attachment_id=2670\" rel=\"attachment wp-att-2670\"><img loading=\"lazy\" class=\"size-medium wp-image-2670 alignleft\" src=\"http:\/\/www.musikverein-wustweiler.de\/wp-content\/uploads\/2024\/07\/IMG_3976-300x196.jpeg\" alt=\"\" width=\"300\" height=\"196\" srcset=\"http:\/\/www.musikverein-wustweiler.de\/wp-content\/uploads\/2024\/07\/IMG_3976-300x196.jpeg 300w, http:\/\/www.musikverein-wustweiler.de\/wp-content\/uploads\/2024\/07\/IMG_3976-1024x668.jpeg 1024w, http:\/\/www.musikverein-wustweiler.de\/wp-content\/uploads\/2024\/07\/IMG_3976-768x501.jpeg 768w, http:\/\/www.musikverein-wustweiler.de\/wp-content\/uploads\/2024\/07\/IMG_3976-1536x1002.jpeg 1536w, http:\/\/www.musikverein-wustweiler.de\/wp-content\/uploads\/2024\/07\/IMG_3976-2048x1336.jpeg 2048w, http:\/\/www.musikverein-wustweiler.de\/wp-content\/uploads\/2024\/07\/IMG_3976-460x300.jpeg 460w\" sizes=\"(max-width: 300px) 100vw, 300px\" \/><\/a><\/span><\/p>\n<p>\u00a0<\/p>\n<p>\u00a0<\/p>\n<p>\u00a0<\/p>\n<p style=\"text-align: left;\"><span style=\"color: #000000;\"><strong>Musikalische Leiter Dorfband: <\/strong>Thorsten Koch und Fabian Scheid<\/span><\/p>\n<p><a href=\"http:\/\/www.musikverein-wustweiler.de\/?attachment_id=2253\" rel=\"attachment wp-att-2253\"><img loading=\"lazy\" class=\"alignleft wp-image-2253 size-thumbnail\" src=\"http:\/\/www.musikverein-wustweiler.de\/wp-content\/uploads\/2020\/12\/thorsten_koch_1000-150x150.jpg\" alt=\"\" width=\"150\" height=\"150\" \/><\/a> <a href=\"http:\/\/www.musikverein-wustweiler.de\/?attachment_id=2252\" rel=\"attachment wp-att-2252\"><img loading=\"lazy\" class=\"wp-image-2252 size-thumbnail alignleft\" src=\"http:\/\/www.musikverein-wustweiler.de\/wp-content\/uploads\/2020\/12\/50395135_2514780002082399_6707441518401028096_o-150x150.jpg\" alt=\"\" width=\"150\" height=\"150\" \/><\/a><\/p>\n<p>\u00a0<\/p>\n<p style=\"text-align: left;\">\u00a0<\/p>\n<p style=\"text-align: right;\"><span style=\"color: #000000;\"><em>Stand: April 2026<\/em><\/span><\/p>\n<h3 style=\"text-align: left;\">\u00a0<\/h3>\n<h3 style=\"text-align: center;\"><span style=\"text-decoration: underline;\"><em><span style=\"color: #000000; text-decoration: underline;\"><strong>Die Vereinschronik<\/strong><\/span><\/em><\/span><\/h3>\n<p>Die neue Versions-Chronik kann <a href=\"http:\/\/www.musikverein-wustweiler.de\/wp-content\/uploads\/2019\/07\/chronik-mvw.2pdf.pdf\"><strong>hier<\/strong><\/a>\u00a0komplett und kostenlos als PDF downgeloadet werden!<\/p>\n<p><a href=\"http:\/\/www.musikverein-wustweiler.de\/wp-content\/uploads\/2019\/07\/chronik-mvw.2pdf.pdf\"><strong><em>Die Geschichte unseres Vereins<\/em><\/strong><\/a><\/p>\n<p>\u00a0<\/p>\n\n\n<\/a><\/p>\n<div class=\"wp-block-image\">\n<figure class=\"aligncenter\"><img loading=\"lazy\" class=\"aligncenter wp-image-1954 size-full\" src=\"http:\/\/www.musikverein-wustweiler.de\/wp-content\/uploads\/2019\/07\/Bildschirmfoto-2019-07-29-um-15.12.49-1.png\" alt=\"\" width=\"477\" height=\"678\" srcset=\"http:\/\/www.musikverein-wustweiler.de\/wp-content\/uploads\/2019\/07\/Bildschirmfoto-2019-07-29-um-15.12.49-1.png 477w, http:\/\/www.musikverein-wustweiler.de\/wp-content\/uploads\/2019\/07\/Bildschirmfoto-2019-07-29-um-15.12.49-1-211x300.png 211w\" sizes=\"(max-width: 477px) 100vw, 477px\" \/><\/figure>\n<\/div>\n<p><a href=\"http:\/\/www.musikverein-wustweiler.de\/?attachment_id=1920\" rel=\"attachment wp-att-1920\">\n\n\n<p><img loading=\"lazy\" class=\"aligncenter wp-image-1920 size-full\" src=\"http:\/\/www.musikverein-wustweiler.de\/wp-content\/uploads\/2009\/08\/Bildschirmfoto-2019-07-28-um-16.04.32.png\" alt=\"Bildschirmfoto 2019-07-28 um 16.04.32\" width=\"1278\" height=\"830\" srcset=\"http:\/\/www.musikverein-wustweiler.de\/wp-content\/uploads\/2009\/08\/Bildschirmfoto-2019-07-28-um-16.04.32.png 1278w, http:\/\/www.musikverein-wustweiler.de\/wp-content\/uploads\/2009\/08\/Bildschirmfoto-2019-07-28-um-16.04.32-300x195.png 300w, http:\/\/www.musikverein-wustweiler.de\/wp-content\/uploads\/2009\/08\/Bildschirmfoto-2019-07-28-um-16.04.32-768x499.png 768w, http:\/\/www.musikverein-wustweiler.de\/wp-content\/uploads\/2009\/08\/Bildschirmfoto-2019-07-28-um-16.04.32-1024x665.png 1024w, http:\/\/www.musikverein-wustweiler.de\/wp-content\/uploads\/2009\/08\/Bildschirmfoto-2019-07-28-um-16.04.32-462x300.png 462w\" sizes=\"(max-width: 1278px) 100vw, 1278px\" \/> <a href=\"http:\/\/www.musikverein-wustweiler.de\/?attachment_id=1921\" rel=\"attachment wp-att-1921\"><img loading=\"lazy\" class=\"aligncenter wp-image-1921 size-full\" src=\"http:\/\/www.musikverein-wustweiler.de\/wp-content\/uploads\/2009\/08\/Bildschirmfoto-2019-07-28-um-16.04.48.png\" alt=\"Bildschirmfoto 2019-07-28 um 16.04.48\" width=\"1277\" height=\"834\" srcset=\"http:\/\/www.musikverein-wustweiler.de\/wp-content\/uploads\/2009\/08\/Bildschirmfoto-2019-07-28-um-16.04.48.png 1277w, http:\/\/www.musikverein-wustweiler.de\/wp-content\/uploads\/2009\/08\/Bildschirmfoto-2019-07-28-um-16.04.48-300x196.png 300w, http:\/\/www.musikverein-wustweiler.de\/wp-content\/uploads\/2009\/08\/Bildschirmfoto-2019-07-28-um-16.04.48-768x502.png 768w, http:\/\/www.musikverein-wustweiler.de\/wp-content\/uploads\/2009\/08\/Bildschirmfoto-2019-07-28-um-16.04.48-1024x669.png 1024w, http:\/\/www.musikverein-wustweiler.de\/wp-content\/uploads\/2009\/08\/Bildschirmfoto-2019-07-28-um-16.04.48-459x300.png 459w\" sizes=\"(max-width: 1277px) 100vw, 1277px\" \/><\/a> <a href=\"http:\/\/www.musikverein-wustweiler.de\/?attachment_id=1922\" rel=\"attachment wp-att-1922\"><img loading=\"lazy\" class=\"aligncenter wp-image-1922 size-full\" src=\"http:\/\/www.musikverein-wustweiler.de\/wp-content\/uploads\/2009\/08\/Bildschirmfoto-2019-07-28-um-16.04.58.png\" alt=\"Bildschirmfoto 2019-07-28 um 16.04.58\" width=\"1278\" height=\"833\" srcset=\"http:\/\/www.musikverein-wustweiler.de\/wp-content\/uploads\/2009\/08\/Bildschirmfoto-2019-07-28-um-16.04.58.png 1278w, http:\/\/www.musikverein-wustweiler.de\/wp-content\/uploads\/2009\/08\/Bildschirmfoto-2019-07-28-um-16.04.58-300x196.png 300w, http:\/\/www.musikverein-wustweiler.de\/wp-content\/uploads\/2009\/08\/Bildschirmfoto-2019-07-28-um-16.04.58-768x501.png 768w, http:\/\/www.musikverein-wustweiler.de\/wp-content\/uploads\/2009\/08\/Bildschirmfoto-2019-07-28-um-16.04.58-1024x667.png 1024w, http:\/\/www.musikverein-wustweiler.de\/wp-content\/uploads\/2009\/08\/Bildschirmfoto-2019-07-28-um-16.04.58-460x300.png 460w\" sizes=\"(max-width: 1278px) 100vw, 1278px\" \/><\/a> <a href=\"http:\/\/www.musikverein-wustweiler.de\/?attachment_id=1923\" rel=\"attachment wp-att-1923\"><img loading=\"lazy\" class=\"aligncenter wp-image-1923 size-full\" src=\"http:\/\/www.musikverein-wustweiler.de\/wp-content\/uploads\/2009\/08\/Bildschirmfoto-2019-07-28-um-16.05.12.png\" alt=\"Bildschirmfoto 2019-07-28 um 16.05.12\" width=\"1274\" height=\"826\" srcset=\"http:\/\/www.musikverein-wustweiler.de\/wp-content\/uploads\/2009\/08\/Bildschirmfoto-2019-07-28-um-16.05.12.png 1274w, http:\/\/www.musikverein-wustweiler.de\/wp-content\/uploads\/2009\/08\/Bildschirmfoto-2019-07-28-um-16.05.12-300x195.png 300w, http:\/\/www.musikverein-wustweiler.de\/wp-content\/uploads\/2009\/08\/Bildschirmfoto-2019-07-28-um-16.05.12-768x498.png 768w, http:\/\/www.musikverein-wustweiler.de\/wp-content\/uploads\/2009\/08\/Bildschirmfoto-2019-07-28-um-16.05.12-1024x664.png 1024w, http:\/\/www.musikverein-wustweiler.de\/wp-content\/uploads\/2009\/08\/Bildschirmfoto-2019-07-28-um-16.05.12-463x300.png 463w\" sizes=\"(max-width: 1274px) 100vw, 1274px\" \/><\/a> <a href=\"http:\/\/www.musikverein-wustweiler.de\/?attachment_id=1924\" rel=\"attachment wp-att-1924\"><img loading=\"lazy\" class=\"aligncenter wp-image-1924 size-full\" src=\"http:\/\/www.musikverein-wustweiler.de\/wp-content\/uploads\/2009\/08\/Bildschirmfoto-2019-07-28-um-16.05.30.png\" alt=\"Bildschirmfoto 2019-07-28 um 16.05.30\" width=\"1276\" height=\"832\" srcset=\"http:\/\/www.musikverein-wustweiler.de\/wp-content\/uploads\/2009\/08\/Bildschirmfoto-2019-07-28-um-16.05.30.png 1276w, http:\/\/www.musikverein-wustweiler.de\/wp-content\/uploads\/2009\/08\/Bildschirmfoto-2019-07-28-um-16.05.30-300x196.png 300w, http:\/\/www.musikverein-wustweiler.de\/wp-content\/uploads\/2009\/08\/Bildschirmfoto-2019-07-28-um-16.05.30-768x501.png 768w, http:\/\/www.musikverein-wustweiler.de\/wp-content\/uploads\/2009\/08\/Bildschirmfoto-2019-07-28-um-16.05.30-1024x668.png 1024w, http:\/\/www.musikverein-wustweiler.de\/wp-content\/uploads\/2009\/08\/Bildschirmfoto-2019-07-28-um-16.05.30-460x300.png 460w\" sizes=\"(max-width: 1276px) 100vw, 1276px\" \/><\/a> <a href=\"http:\/\/www.musikverein-wustweiler.de\/?attachment_id=1925\" rel=\"attachment wp-att-1925\"><img loading=\"lazy\" class=\"aligncenter wp-image-1925 size-full\" src=\"http:\/\/www.musikverein-wustweiler.de\/wp-content\/uploads\/2009\/08\/Bildschirmfoto-2019-07-28-um-16.05.40.png\" alt=\"Bildschirmfoto 2019-07-28 um 16.05.40\" width=\"1278\" height=\"833\" srcset=\"http:\/\/www.musikverein-wustweiler.de\/wp-content\/uploads\/2009\/08\/Bildschirmfoto-2019-07-28-um-16.05.40.png 1278w, http:\/\/www.musikverein-wustweiler.de\/wp-content\/uploads\/2009\/08\/Bildschirmfoto-2019-07-28-um-16.05.40-300x196.png 300w, http:\/\/www.musikverein-wustweiler.de\/wp-content\/uploads\/2009\/08\/Bildschirmfoto-2019-07-28-um-16.05.40-768x501.png 768w, http:\/\/www.musikverein-wustweiler.de\/wp-content\/uploads\/2009\/08\/Bildschirmfoto-2019-07-28-um-16.05.40-1024x667.png 1024w, http:\/\/www.musikverein-wustweiler.de\/wp-content\/uploads\/2009\/08\/Bildschirmfoto-2019-07-28-um-16.05.40-460x300.png 460w\" sizes=\"(max-width: 1278px) 100vw, 1278px\" \/><\/a> <a href=\"http:\/\/www.musikverein-wustweiler.de\/?attachment_id=1926\" rel=\"attachment wp-att-1926\"><img loading=\"lazy\" class=\"aligncenter wp-image-1926 size-full\" src=\"http:\/\/www.musikverein-wustweiler.de\/wp-content\/uploads\/2009\/08\/Bildschirmfoto-2019-07-28-um-16.05.52.png\" alt=\"Bildschirmfoto 2019-07-28 um 16.05.52\" width=\"1274\" height=\"834\" srcset=\"http:\/\/www.musikverein-wustweiler.de\/wp-content\/uploads\/2009\/08\/Bildschirmfoto-2019-07-28-um-16.05.52.png 1274w, http:\/\/www.musikverein-wustweiler.de\/wp-content\/uploads\/2009\/08\/Bildschirmfoto-2019-07-28-um-16.05.52-300x196.png 300w, http:\/\/www.musikverein-wustweiler.de\/wp-content\/uploads\/2009\/08\/Bildschirmfoto-2019-07-28-um-16.05.52-768x503.png 768w, http:\/\/www.musikverein-wustweiler.de\/wp-content\/uploads\/2009\/08\/Bildschirmfoto-2019-07-28-um-16.05.52-1024x670.png 1024w, http:\/\/www.musikverein-wustweiler.de\/wp-content\/uploads\/2009\/08\/Bildschirmfoto-2019-07-28-um-16.05.52-458x300.png 458w\" sizes=\"(max-width: 1274px) 100vw, 1274px\" \/><\/a><\/p>\n<p><em>Stand: Juli 2019<\/em><\/p>","protected":false},"excerpt":{"rendered":"<p>Das Vorstandsteam\u00a0 gesch\u00e4ftsf\u00fchrendes Vorstandsteam: Andr\u00e9 Sieger Bruno Klein\u00a0 Christian Bodem\u00a0 Kevin D\u00f6rr \u00a0 (Ansprechpartner f\u00fcr Externe) Kinder &amp; Jugend: Matthias Meiser und Fabienne D\u00f6rr\u00a0 \u00a0 Beisitzer &amp; Hilfsorgane: Christian Eckert, Julia Senzig, Patrick Kuhn \u00a0 Kassenpr\u00fcfer:\u00a0Eugen Eckert &amp; Rainer Hahn &hellip; <a href=\"http:\/\/www.musikverein-wustweiler.de\/?page_id=5\">Weiterlesen <span class=\"meta-nav\">&rarr;<\/span><\/a><\/p>\n","protected":false},"author":1,"featured_media":0,"parent":0,"menu_order":1,"comment_status":"closed","ping_status":"closed","template":"","meta":[],"_links":{"self":[{"href":"http:\/\/www.musikverein-wustweiler.de\/index.php?rest_route=\/wp\/v2\/pages\/5"}],"collection":[{"href":"http:\/\/www.musikverein-wustweiler.de\/index.php?rest_route=\/wp\/v2\/pages"}],"about":[{"href":"http:\/\/www.musikverein-wustweiler.de\/index.php?rest_route=\/wp\/v2\/types\/page"}],"author":[{"embeddable":true,"href":"http:\/\/www.musikverein-wustweiler.de\/index.php?rest_route=\/wp\/v2\/users\/1"}],"replies":[{"embeddable":true,"href":"http:\/\/www.musikverein-wustweiler.de\/index.php?rest_route=%2Fwp%2Fv2%2Fcomments&post=5"}],"version-history":[{"count":71,"href":"http:\/\/www.musikverein-wustweiler.de\/index.php?rest_route=\/wp\/v2\/pages\/5\/revisions"}],"predecessor-version":[{"id":2793,"href":"http:\/\/www.musikverein-wustweiler.de\/index.php?rest_route=\/wp\/v2\/pages\/5\/revisions\/2793"}],"wp:attachment":[{"href":"http:\/\/www.musikverein-wustweiler.de\/index.php?rest_route=%2Fwp%2Fv2%2Fmedia&parent=5"}],"curies":[{"name":"wp","href":"https:\/\/api.w.org\/{rel}","templated":true}]}}